{"id":182,"date":"2020-10-26T00:17:38","date_gmt":"2020-10-25T23:17:38","guid":{"rendered":"https:\/\/www.spmodaelegant.sk\/?page_id=182"},"modified":"2020-10-28T14:51:08","modified_gmt":"2020-10-28T13:51:08","slug":"o-nas","status":"publish","type":"page","link":"https:\/\/www.spmodaelegant.sk\/?page_id=182","title":{"rendered":"O n\u00e1s"},"content":{"rendered":"\t\t<div data-elementor-type=\"wp-page\" data-elementor-id=\"182\" class=\"elementor elementor-182\">\n\t\t\t\t<section class=\"elementor-section elementor-top-section elementor-element elementor-element-4f8741e1 elementor-section-boxed elementor-section-height-default elementor-section-height-default\" data-id=\"4f8741e1\" data-element_type=\"section\">\n\t\t\t\t\t\t<div class=\"elementor-container elementor-column-gap-default\">\n\t\t\t\t\t<div class=\"elementor-column elementor-col-100 elementor-top-column elementor-element elementor-element-1f1daddb\" data-id=\"1f1daddb\" data-element_type=\"column\">\n\t\t\t<div class=\"elementor-widget-wrap elementor-element-populated\">\n\t\t\t\t\t\t<div class=\"elementor-element elementor-element-7732b62f elementor-widget elementor-widget-text-editor\" data-id=\"7732b62f\" data-element_type=\"widget\" data-widget_type=\"text-editor.default\">\n\t\t\t\t<div class=\"elementor-widget-container\">\n\t\t\t\t\t\t\t\t\t<p><\/p>\n<h5 style=\"text-align: center;\">Sme firma, ktor\u00e1 sa zaober\u00e1 predajom d\u00e1mskej a p\u00e1nskej konfekcie.<\/h5>\n<p style=\"text-align: center;\"><span style=\"color: #800000;\">V na\u0161ej ponuke je rozli\u010dn\u00fd sortiment na ka\u017ed\u00fa sez\u00f3nu.\u00a0<\/span><\/p>\n<p style=\"text-align: center;\"><span style=\"color: #800000;\">M\u00e1me 4 kamenn\u00e9 obchody kde pred\u00e1vame :<\/span><\/p>\n<ul>\n<li style=\"list-style-type: none;\">\n<ul>\n<li style=\"list-style-type: none;\">\n<ul>\n<li style=\"list-style-type: none;\">\n<ul>\n<li style=\"list-style-type: none;\">\n<ul>\n<li style=\"list-style-type: none;\">\n<ul>\n<li style=\"list-style-type: none;\">\n<ul>\n<li style=\"list-style-type: none;\">\n<ul>\n<li style=\"list-style-type: none;\">\n<ul>\n<li style=\"list-style-type: none;\">\n<ul>\n<li style=\"list-style-type: none;\">\n<ul>\n<li><span style=\"color: #000000;\"><strong>Spolo\u010densk\u00e9 \u0161aty<\/strong><\/span><\/li>\n<li><span style=\"color: #000000;\"><strong>Obleky<\/strong><\/span><\/li>\n<li><span style=\"color: #000000;\"><strong>Kost\u00fdmy<\/strong><\/span><\/li>\n<li><span style=\"color: #000000;\"><strong>Sak\u00e1<\/strong><\/span><\/li>\n<li><span style=\"color: #000000;\"><strong>Nohavice<\/strong><\/span><\/li>\n<li><span style=\"color: #000000;\"><strong>Ko\u0161ele<\/strong><\/span><\/li>\n<li><span style=\"color: #000000;\"><strong>Bl\u00fazky\u00a0<\/strong><\/span><\/li>\n<li><span style=\"color: #000000;\"><strong>Sukne<\/strong><\/span><\/li>\n<li><span style=\"color: #000000;\"><strong>Bundy\u00a0<\/strong><\/span><\/li>\n<li><span style=\"color: #000000;\"><strong>Kab\u00e1ty<\/strong><\/span><\/li>\n<li><span style=\"color: #000000;\"><strong>Kravaty<\/strong><\/span><\/li>\n<li><span style=\"color: #000000;\"><strong>Mot\u00fdle<\/strong><\/span><\/li>\n<li><span style=\"color: #000000;\"><strong>a in\u00e9.<\/strong><\/span><\/li>\n<\/ul>\n<\/li>\n<\/ul>\n<\/li>\n<\/ul>\n<\/li>\n<\/ul>\n<\/li>\n<\/ul>\n<\/li>\n<\/ul>\n<\/li>\n<\/ul>\n<\/li>\n<\/ul>\n<\/li>\n<\/ul>\n<\/li>\n<\/ul>\n<\/li>\n<\/ul>\n<p><\/p>\n<div id=\"gtx-trans\" style=\"position: absolute; left: 438px; top: 2272.34px;\">\n<div class=\"gtx-trans-icon\">\u00a0<\/div>\n<\/div>\t\t\t\t\t\t\t\t<\/div>\n\t\t\t\t<\/div>\n\t\t\t\t\t<\/div>\n\t\t<\/div>\n\t\t\t\t\t<\/div>\n\t\t<\/section>\t\t<\/div>\n\t\t","protected":false},"excerpt":{"rendered":"<p>Sme firma, ktor\u00e1 sa zaober\u00e1 predajom d\u00e1mskej a p\u00e1nskej konfekcie. V na\u0161ej ponuke je rozli\u010dn\u00fd sortiment na ka\u017ed\u00fa sez\u00f3nu.\u00a0 M\u00e1me 4 kamenn\u00e9 obchody kde pred\u00e1vame : Spolo\u010densk\u00e9 \u0161aty Obleky Kost\u00fdmy Sak\u00e1 Nohavice Ko\u0161ele Bl\u00fazky\u00a0 Sukne Bundy\u00a0 Kab\u00e1ty Kravaty Mot\u00fdle a in\u00e9. \u00a0<\/p>\n","protected":false},"author":1,"featured_media":0,"parent":0,"menu_order":0,"comment_status":"closed","ping_status":"closed","template":"","meta":{"footnotes":""},"class_list":["post-182","page","type-page","status-publish","hentry"],"jetpack_sharing_enabled":true,"_links":{"self":[{"href":"https:\/\/www.spmodaelegant.sk\/index.php?rest_route=\/wp\/v2\/pages\/182","targetHints":{"allow":["GET"]}}],"collection":[{"href":"https:\/\/www.spmodaelegant.sk\/index.php?rest_route=\/wp\/v2\/pages"}],"about":[{"href":"https:\/\/www.spmodaelegant.sk\/index.php?rest_route=\/wp\/v2\/types\/page"}],"author":[{"embeddable":true,"href":"https:\/\/www.spmodaelegant.sk\/index.php?rest_route=\/wp\/v2\/users\/1"}],"replies":[{"embeddable":true,"href":"https:\/\/www.spmodaelegant.sk\/index.php?rest_route=%2Fwp%2Fv2%2Fcomments&post=182"}],"version-history":[{"count":6,"href":"https:\/\/www.spmodaelegant.sk\/index.php?rest_route=\/wp\/v2\/pages\/182\/revisions"}],"predecessor-version":[{"id":259,"href":"https:\/\/www.spmodaelegant.sk\/index.php?rest_route=\/wp\/v2\/pages\/182\/revisions\/259"}],"wp:attachment":[{"href":"https:\/\/www.spmodaelegant.sk\/index.php?rest_route=%2Fwp%2Fv2%2Fmedia&parent=182"}],"curies":[{"name":"wp","href":"https:\/\/api.w.org\/{rel}","templated":true}]}}

O nás

<div data-elementor-type="wp-page" data-elementor-id="182" class="elementor elementor-182">
				<section class="elementor-section elementor-top-section elementor-element elementor-element-4f8741e1 elementor-section-boxed elementor-section-height-default elementor-section-height-default" data-id="4f8741e1" data-element_type="section">
						<div class="elementor-container elementor-column-gap-default">
					<div class="elementor-column elementor-col-100 elementor-top-column elementor-element elementor-element-1f1daddb" data-id="1f1daddb" data-element_type="column">
			<div class="elementor-widget-wrap elementor-element-populated">
						<div class="elementor-element elementor-element-7732b62f elementor-widget elementor-widget-text-editor" data-id="7732b62f" data-element_type="widget" data-widget_type="text-editor.default">
				<div class="elementor-widget-container">
									<p></p>
<h5 style="text-align: center;">Sme firma, ktorá sa zaoberá predajom dámskej a pánskej konfekcie.</h5>
<p style="text-align: center;"><span style="color: #800000;">V našej ponuke je rozličný sortiment na každú sezónu. </span></p>
<p style="text-align: center;"><span style="color: #800000;">Máme 4 kamenné obchody kde predávame :</span></p>
<ul>
<li style="list-style-type: none;">
<ul>
<li style="list-style-type: none;">
<ul>
<li style="list-style-type: none;">
<ul>
<li style="list-style-type: none;">
<ul>
<li style="list-style-type: none;">
<ul>
<li style="list-style-type: none;">
<ul>
<li style="list-style-type: none;">
<ul>
<li style="list-style-type: none;">
<ul>
<li style="list-style-type: none;">
<ul>
<li style="list-style-type: none;">
<ul>
<li><span style="color: #000000;"><strong>Spoločenské šaty</strong></span></li>
<li><span style="color: #000000;"><strong>Obleky</strong></span></li>
<li><span style="color: #000000;"><strong>Kostýmy</strong></span></li>
<li><span style="color: #000000;"><strong>Saká</strong></span></li>
<li><span style="color: #000000;"><strong>Nohavice</strong></span></li>
<li><span style="color: #000000;"><strong>Košele</strong></span></li>
<li><span style="color: #000000;"><strong>Blúzky </strong></span></li>
<li><span style="color: #000000;"><strong>Sukne</strong></span></li>
<li><span style="color: #000000;"><strong>Bundy </strong></span></li>
<li><span style="color: #000000;"><strong>Kabáty</strong></span></li>
<li><span style="color: #000000;"><strong>Kravaty</strong></span></li>
<li><span style="color: #000000;"><strong>Motýle</strong></span></li>
<li><span style="color: #000000;"><strong>a iné.</strong></span></li>
</ul>
</li>
</ul>
</li>
</ul>
</li>
</ul>
</li>
</ul>
</li>
</ul>
</li>
</ul>
</li>
</ul>
</li>
</ul>
</li>
</ul>
</li>
</ul>
<p></p>
<div id="gtx-trans" style="position: absolute; left: 438px; top: 2272.34px;">
<div class="gtx-trans-icon"> </div>
</div>								</div>
				</div>
					</div>
		</div>
					</div>
		</section>		</div>

<p>Sme firma, ktorá sa zaoberá predajom dámskej a pánskej konfekcie. V našej ponuke je rozličný sortiment na každú sezónu.  Máme 4 kamenné obchody kde predávame : Spoločenské šaty Obleky Kostýmy Saká Nohavice Košele Blúzky  Sukne Bundy  Kabáty Kravaty Motýle a iné.  </p>
